o - 1)*(0 - 6). Is h(v) a composite number?
False
Suppose -15 = 2*p + 3*p. Is (62/p)/((-2)/3) a prime number?
True
Suppose -5*w + 1398 = -752. Let n = w - 173. Is n composite?
False
Let i(u) = -6*u**3 + 3 - 6 + 2*u**2 - 2 + 2. Is i(-4) a prime number?
False
Let d(j) = 162*j - 5. Is d(2) composite?
True
Let c(i) = -4*i + 1. Let g be c(1). Let z = -42 + 44. Is g/2 + 233/z prime?
False
Let h be 2*(9/(-6) - -3). Is 312/10 + h/(-15) prime?
True
Suppose 0 = -0*y - 2*y - 6. Let o = 222 + -117. Is (o/6)/(y/(-6)) a prime number?
False
Let p = -7 - -8. Is p/(-1 + (-744)/(-742)) a prime number?
False
Let s be ((-30)/45)/((-2)/(-6)). Let h(y) be the second derivative of 25*y**4/12 + y**3/2 + 3*y**2/2 + y. Is h(s) a composite number?
False
Let n be -1 - (-2 + (-5)/(-1)). Is ((-4)/n)/(1/14) a prime number?
False
Let r = -6 - -19. Is r prime?
True
Is (18/9)/(2/71) composite?
False
Let w = -4 - -7. Suppose -5*k = -w*m - 16, -3*m - m + k + 7 = 0. Suppose 5*d + q = -0*d + 186, m*d - 109 = 2*q. Is d composite?
False
Suppose -5*a + 387 = 2*r, 0*a = 5*a - 4*r - 411. Is a a composite number?
False
Let u(h) = 8*h**3 - 10*h**2 + 10*h + 9. Is u(8) a composite number?
True
Let v(c) = -56*c + 1. Let t = -1 - 9. Let o be 4/t + (-12)/20. Is v(o) composite?
True
Let v(g) = 2*g**3 - 9*g**2 + 10*g - 6. Is v(7) composite?
True
Let x be 1/4 + 78/8. Suppose -5*a = -5 - x. Suppose -4*s = -a*s - 37. Is s a composite number?
False
Suppose -p + 3*p = g - 811, 2*g - 1632 = -p. Is g prime?
False
Suppose -10*t - 57 = -11*t. Is t prime?
False
Suppose 0 = 2*y - 8 + 2. Suppose -2*n + 45 = -y*v + 2*n, -4*n = 5*v + 75. Is 2/6 - 220/v composite?
True
Suppose 8*p - 5*p = 21. Suppose 0 = -j + p. Is j a prime number?
True
Let a = 472 - -495. Is a a prime number?
True
Let a(p) = -p - 1. Let d be a(-5). Suppose d*w - 5*s + 4 = 0, 33 - 13 = 3*w + 2*s. Suppose -w*n = 17 - 333. Is n a composite number?
False
Suppose 2*f - k + 0 = 56, -18 = -f - 2*k. Suppose -2*p = -196 - f. Is p a composite number?
True
Suppose -919 = -6*f + 875. Is f prime?
False
Let a = 25 + 28. Suppose o - 4*k = a, o + 2*k - 98 = -21. Is o a prime number?
False
Is 48/168 + 9861/7 a prime number?
True
Let u(w) = -553*w. Is u(-1) a composite number?
True
Suppose k - 117 = 1054. Is k a composite number?
False
Let j(l) = -l**3 - 6*l + 6. Let t be j(6). Let r = t - -447. Is r a prime number?
False
Suppose 2*g - 935 = s, -5*s = g + 3*g - 1835. Let d = 22 + g. Is d composite?
False
Let q = 149 + 108. Is q a prime number?
True
Suppose 2 - 11 = -3*k. Is (-6)/k - -5*89 a prime number?
True
Let c = 14 - 10. Suppose -5*a + 251 + 386 = -2*t, c*t - 504 = -4*a. Is a prime?
True
Let z = -49 + 105. Suppose -r = -14 - z. Suppose 0*y - r = -2*y. Is y a composite number?
True
Let b = -95 + 222. Is b a prime number?
True
Let j(q) = q**3 + 11*q**2 + 7*q + 5. Suppose 3*v = -1 + 10. Suppose o + 32 = -v*o. Is j(o) composite?
True
Let o = -264 - -413. Is o prime?
True
Let u(a) be the first derivative of 2*a**3/3 - 2*a**2 + a + 3. Is u(3) prime?
True
Let c = 91 - 53. Is c a composite number?
True
Let d = 8 - 13. Let o = -1 + d. Is 2/(0 - o/33) a composite number?
False
Suppose 31 - 6 = 5*y. Suppose -b + y*l = 2*b - 370, 2*b = 3*l + 245. Is b prime?
False
Let i(o) = o**3 + 7*o**2 - 2*o + 3. Is i(5) composite?
False
Let o(h) be the first derivative of -97*h**4/4 - h**3/3 - h**2/2 + 1. Let n be (1 + -2)*(1 - 0). Is o(n) a prime number?
True
Is -2*(-44 + 1) - -1 prime?
False
Let c be (0/1)/((-4)/(-2)). Suppose g + 40 + 24 = c. Let d = g - -111. Is d composite?
False
Let g = 45 + -22. Suppose -2*u + 71 = -g. Is u a composite number?
False
Let o be (-12)/8*(-1146)/1. Let c be (-2)/(-5) + o/15. Suppose -3*z + c = 2*z. Is z a composite number?
False
Suppose 0*n = 3*n - 855. Suppose -3*i = 2*i - n. Is i prime?
False
Suppose o + 124 = 1115. Is o a prime number?
True
Let r(c) = 5*c**2 + 9*c + 1. Is r(-6) composite?
False
Suppose -5*g + 58 = 2*v, g - 5*v = 4 - 14. Is (-6)/10 - (-676)/g a composite number?
False
Let d = -43 + 432. Is d a prime number?
True
Suppose 4*u - 3 = 4*o + 5, o = 3*u. Let g be -8 - ((-1)/1)/u. Let p = g - -58. Is p prime?
False
Let h(f) = 46*f**3 - 2*f**2 + 2*f - 1. Let d be h(1). Suppose -5*i = -2*q - 23, 3*q + 3*i + 21 = -45. Let w = q + d. Is w a composite number?
True
Let l(m) = -m**2 - 8*m + 12. Let k be l(-9). Suppose -v = k*p - 0*v + 328, -p = 4*v + 124. Let j = p + 203. Is j a composite number?
True
Let w be 4 + -4 - 0/2. Suppose -4*a + a + 57 = w. Is a prime?
True
Let n(g) = g**3 - 4*g**2 - 8*g + 5. Suppose -2 = -z + 3. Let c be n(z). Is ((-26)/4)/(1/c) a composite number?
True
Let v be (-5)/((-20)/8) + -200. Let a = 316 + v. Is a composite?
True
Let d(m) = -m**3 + 8*m**2 - 7*m. Let f be d(6). Let a = 23 + f. Is a composite?
False
Let m = 1 + 1. Let s(o) be the second derivative of 55*o**3/6 - o**2/2 - o. Is s(m) a prime number?
True
Suppose 0*v + 1265 = 5*v. Is v a composite number?
True
Let h(v) = -88*v**3 + 2*v**2 + 5*v + 5. Is h(-2) composite?
True
Let l(w) = w**2 + w - 2. Let d be l(-2). Suppose 0 = -2*c - 5*p + 94, d*p - p = 4. Is c prime?
False
Let b(k) = 3*k**2 + k**2 - 3 - 3*k + 6 - k**3. Let y be b(2). Suppose 4*q + 100 = y*h + 3*q, 0 = 2*h - 4*q - 58. Is h prime?
True
Is (3/(-1))/(18/(-762)) a composite number?
False
Suppose -593 + 149 = -3*o. Suppose -4*c = -0*c - o. Is c a prime number?
True
Is (1/(4/(-92)))/((-1)/11) a composite number?
True
Suppose 13*r = 8*r + 895. Is r prime?
True
Is 4/6 + (5 - 5646/(-9)) composite?
True
Suppose -5*g = -3*y + 102, -3*y + 81 = g - 21. Suppose 4*k + y = 342. Is k prime?
False
Suppose 71 = -5*i - 3*t - 57, -3*i + 4*t - 100 = 0. Is 4/7 + (-11548)/i a prime number?
False
Let p = 4328 + 1182. Is 12/(-21) + p/14 composite?
True
Let s = -8 - -12. Let w(y) = -s - 2*y**2 - 2*y - 3*y + 2*y**2 + y**2. Is w(10) a prime number?
False
Suppose -184 = -2*w + 2*b, 4*b - 68 - 229 = -3*w. Is w a prime number?
False
Let m = -315 + 461. Is m composite?
True
Let n be (-2)/(0 - 2)*2. Suppose g + 167 = n*g. Is g composite?
False
Let c be ((-92)/6)/(4/(-6)). Let l = -13 + c. Is l a composite number?
True
Let g = 674 + -39. Is g prime?
False
Let w = -21 + 235. Is w a composite number?
True
Let r = -17 - -24. Let u = r + -4. Suppose s = -u*s + 3*d + 52, 0 = 5*s - 3*d - 62. Is s a prime number?
False
Is ((-3118)/(-1))/(-2 + -1 + 5) composite?
False
Suppose -3 + 5 = 2*l. Let z be 12/3*l/2. Suppose -5*r + 49 = h, 5*r = 2*h + z*h - 146. Is h a composite number?
True
Let c = 337 + -198. Is c a prime number?
True
Suppose 3*o + 5*y - 471 = 0, -4*o - 5*y = -98 - 530. Is o prime?
True
Let y(x) = 2*x + 1 + 0 - 5*x**2 + 6*x**2. Let a be y(-1). Suppose 0 = -2*w + g - 3*g + 148, 5*w - g - 400 = a. Is w prime?
True
Suppose 6552 = 5*o - 3463. Is o prime?
True
Let i(q) be the third derivative of q**4/24 + q**3/6 + 3*q**2. Let y be i(2). Suppose -y*l + 265 = 2*l. Is l a prime number?
True
Let g = -199 - -1042. Is g a composite number?
True
Suppose -8*g + 4*g + 12 = 0. Is (252 - g)*(0 + 1) prime?
False
Let n = 0 - -2. Suppose -n*s = s - 573. Is s a prime number?
True
Let q(l) be the first derivative of 2*l**3 - 2*l**2 + 3*l + 8. Is q(5) a composite number?
True
Let j be ((-36)/30)/(2/(-5)). Suppose 0 = -5*g - c + 741, -j*c - 85 = 3*g - 520. Is g a prime number?
True
Suppose 1 - 4 = -3*o - 5*p, 2*p + 3 = 3*o. Let u be ((-2)/(-4))/(o/4). Suppose -u*m = -3*m + 79. Is m a prime number?
True
Suppose -3*i = -987 + 150. Suppose -24 - 6 = -5*n. Is (4/6)/(n/i) a composite number?
False
Let l be (6 - 0)*(-68)/12. Let j = l + 93. Is j a composite number?
False
Let x be ((-3)/3)/((-1)/39). Suppose 0 = s - 4*b - x, 2*s - 3*s - 4*b = 1. Is s a prime number?
True
Is (2/(-1))/((-2)/1361) a composite number?
False
Is (-1)/3 + 1336/12 composite?
True
Suppose 2*n = -3*n + 75. Is n prime?
False
Let p(d) = -20*d - 41. Is p(-18) a prime number?
False
Let r(m) = m**3 - m**2 - 2*m + 2095. Is r(0) composite?
True
Let h be (0 - 6/3)*2. Is ((-163)/4)/(h/16) composite?
False
Let l(n) = 8*n**2 + 5*n + 3. Let g be l(-5). Suppose -d + 123 = 4*o, g = d - 2*o + 61. Is d a composite number?
True
Let m be 3 - 0/(-3 + 1). Suppose -564 = -b - m*b. Is b prime?
False
Let y(w) = -2*w - 10*w + w - 1. Is y(-8) prime?
False
Let a(u) = -30*u**2 - 2*u - 1. Let m be a(-1